digit of 20829518?
2
What is the units digit of 1309927?
7
What is the tens digit of 870222?
2
What is the units digit of 5483250?
0
What is the tens digit of 1482568?
6
What is the ten thousands digit of 12534?
1
What is the millions digit of 17981872?
7
What is the hundreds digit of 216828?
8
What is the ten thousands digit of 171305?
7
What is the ten thousands digit of 17444799?
4
What is the hundreds digit of 86893?
8
What is the hundred thousands digit of 3532778?
5
What is the units digit of 123332?
2
What is the tens digit of 214417?
1
What is the tens digit of 939?
3
What is the tens digit of 386778?
7
What is the hundred thousands digit of 405853?
4
What is the hundred thousands digit of 671167?
6
What is the millions digit of 15557406?
5
What is the millions digit of 1178656?
1
What is the hundreds digit of 709875?
8
What is the tens digit of 5248938?
3
What is the tens digit of 28270946?
4
What is the hundreds digit of 1363961?
9
What is the tens digit of 330084?
8
What is the hundreds digit of 15053?
0
What is the tens digit of 9362405?
0
What is the thousands digit of 33423?
3
What is the units digit of 345969?
9
What is the hundreds digit of 2179708?
7
What is the units digit of 1089369?
9
What is the ten thousands digit of 712256?
1
What is the hundred thousands digit of 861160?
8
What is the thousands digit of 496864?
6
What is the thousands digit of 98223?
8
What is the thousands digit of 3630588?
0
What is the tens digit of 235391?
9
What is the hundred thousands digit of 362741?
3
What is the millions digit of 1370111?
1
What is the units digit of 864170?
0
What is the ten thousands digit of 1848058?
4
What is the ten thousands digit of 6394418?
9
What is the thousands digit of 2463178?
3
What is the units digit of 42899?
9
What is the hundreds digit of 2070600?
6
What is the ten thousands digit of 232818?
3
What is the hundreds digit of 18192008?
0
What is the hundreds digit of 9577969?
9
What is the units digit of 67401?
1
What is the ten thousands digit of 117060?
1
What is the millions digit of 2116719?
2
What is the tens digit of 389180?
8
What is the hundred thousands digit of 139815?
1
What is the tens digit of 98249?
4
What is the ten thousands digit of 718070?
1
What is the ten thousands digit of 13547418?
4
What is the ten thousands digit of 362344?
6
What is the units digit of 2037876?
6
What is the thousands digit of 280674?
0
What is the units digit of 721188?
8
What is the ten thousands digit of 6569681?
6
What is the millions digit of 2744516?
2
What is the units digit of 45007?
7
What is the tens digit of 219145?
4
What is the units digit of 7753664?
4
What is the tens digit of 283121?
2
What is the millions digit of 2531659?
2
What is the hundred thousands digit of 213890?
2
What is the ten thousands digit of 412287?
1
What is the ten thousands digit of 14987408?
8
What is the hundred thousands digit of 3536669?
5
What is the millions digit of 2037074?
2
What is the units digit of 10416638?
8
What is the hundred thousands digit of 2759787?
7
What is the hundreds digit of 689508?
5
What is the tens digit of 387813?
1
What is the hundred thousands digit of 3071767?
0
What is the ten millions digit of 14013111?
1
What is the units digit of 36680318?
8
What is the ten thousands digit of 977678?
7
What is the tens digit of 633686?
8
What is the ten thousands digit of 4418464?
1
What is the hundred thousands digit of 334149?
3
What is the ten thousands digit of 9461189?
6
What is the ten millions digit of 21992982?
2
What is the thousands digit of 573926?
3
What is the hundred thousands digit of 17841761?
8
What is the hundred thousands digit of 10317741?
3
What is the hundreds digit of 420988?
9
What is the hundreds digit of 931941?
9
What is the thousands digit of 579361?
9
What is the ten thousands digit of 31471?
3
What is the millions digit of 22618654?
2
What is the hundred thousands digit of 2069874?
0
What is the hundred thousands digit of 333525?
3
What is the tens digit of 9428332?
3
What is the ten thousands digit of 5689441?
8
What is the ten thousands digit of 379702?
7
What is the units digit of 2031318?
8
What is the hundred thousands digit of 9447523?
4
What is the hundreds digit of 883609?
6
What is the units digit of 636197?
7
What is the tens digit of 2340852?
5
What is the millions digit of 4362247?
4
What is the tens digit of 1248820?
2
What is the hundred thousands digit of 1944742?
9
What is the units digit of 963183?
3
What is the ten thousands digit of 4639848?
3
What is the tens digit of 6453418?
1
What is the ten thousands digit of 12375289?
7
What is the tens digit of 146368?
6
What is the ten thousands digit of 179924?
7
What is the ten millions digit of 14602867?
1
What is the millions digit of 11691583?
1
What is the millions digit of 3076267?
3
What is the ten thousands digit of 484501?
8
What is the units digit of 90902?
2
What is the thousands digit of 254912?
4
What is the hundreds digit of 3615757?
7
What is the thousands digit of 8912591?
2
What is the hundred thousands digit of 368486?
3
What is the units digit of 1201?
1
What is the hundreds digit of 2134714?
7
What is the hundreds digit of 945217?
2
What is the hundred thousands digit of 481583?
4
What is the units digit of 30361917?
7
What is the hundred thousands digit of 1901308?
9
What is the tens digit of 1229275?
7
What is the ten thousands digit of 10924757?
2
What is the hundred thousands digit of 766930?
7
What is the thousands digit of 18983756?
3
What is the thousands digit of 6961863?
1
What is the units digit of 797556?
6
What is the units digit of 16455463?
3
What is the ten thousands digit of 20384663?
8
What is the thousands digit of 1301987?
1
What is the thousands digit of 1651909?
1
What is the tens digit of 722193?
9
What is the ten thousands digit of 5267396?
6
What is the units digit of 434987?
7
What is the hundreds digit of 135159?
1
What is the hundreds digit of 1563?
5
What is the ten thousands digit of 40353?
4
What is the thousands digit of 5891357?
1
What is the hundreds digit of 668255?
2
What is the units digit of 8164540?
0
What is the ten thousands digit of 18612021?
1
What is the ten thousands digit of 3489840?
8
What is the units digit of 4075281?
1
What is the units digit of 1057483?
3
What is the units digit of 2033136?
6
What is the millions digit of 1174244?
1
What is the ten thousands digit of 1878208?
7
What is the ten thousands digit of 2837832?
3
What is the millions digit of 18123574?
8
What is the thousands digit of 148659?
8
What is the tens digit of 698106?
0
What is the thousands digit of 12353549?
3
What is the hundred thousands digit of 5697982?
6
What is the tens digit of 651679?
7
What is the thousands digit of 333132?
3
What is the ten millions digit of 13162786?
1
What is the hundreds digit of 169707?
7
What is the hundred thousands digit of 20001360?
0
What is the tens digit of 2041606?
0
What is the hundred thousands digit of 2352137?
3
What is the tens digit of 886437?
3
What is the units digit of 5810870?
0
What is the hundreds digit of 8583084?
0
What is the hundred thousands digit of 18784235?
7
What is the ten thousands digit of 1156450?
5
What is the ten thousands digit of 6909962?
0
What is the millions digit of 1286268?
1
What is the thousands digit of 3599036?
9
What is the thousands digit of 1406500?
6
What is the ten thousands digit of 259906?
5
What is the tens digit of 105880?
8
What is the ten thousands digit of 249673?
4
What is the thousands digit of 13000?
3
What is the ten millions digit of 15663202?
1
What is the units digit of 284121?
1
What is the hundred thousands digit of 774756?
7
What is the tens digit of 966226?
2
What is the ten thousands digit of 957189?
5
What is the units digit of 572947?
7
What is the millions digit of 1242839?
1
What is the hundreds digit of 39418?
4
What is the tens digit of 4051796?
9
What is the hundreds digit of 1396013?
0
What is the ten thousands digit of 7742876?
4
What is the tens digit of 3415141?
4
What is the hundreds digit of 7200137?
1
What is the ten thousands digit of 22010204?
1
What is the hundreds digit of 15799808?
8
What is the millions digit of 1008216?
1
What is the hundreds digit of 1176264?
2